units digit of u?
2
Suppose 27*o - 42401 + 8462 = 0. What is the tens digit of o?
5
What is the tens digit of 4 - 4*(-3303)/18?
3
What is the tens digit of (6/9)/(-1*(-8)/3036)?
5
Let g = 49 + -162. Let q = 384 + g. What is the tens digit of q?
7
Let d be 5 + -3 + (5 - 0). Let k = 17 - 14. Suppose -k*s = -157 + d. What is the tens digit of s?
5
Let m = 6108 - 3753. What is the units digit of m?
5
Suppose -9*k = -4*k - 75. Suppose 35 = 5*b - k. Suppose -j = 4*j - b. What is the units digit of j?
2
What is the tens digit of (-16)/(-3 + 7/(343/146))?
8
Suppose -3*o = -0*f + 4*f - 2131, -o = -f + 531. Let g = -348 + f. What is the hundreds digit of g?
1
Let p(l) = l**2 + 6*l - 7. Let i be p(-7). Suppose i*g = f - g - 3, -23 = -5*f + g. Suppose f*x + 94 = -4*d + 369, 4*d + 31 = x. What is the tens digit of x?
5
Let q(l) be the third derivative of -l**6/120 + 11*l**5/60 - l**4/12 - 3*l**3/2 - 7*l**2. What is the tens digit of q(10)?
7
Let n = 157 - 181. Let c = n - -268. What is the tens digit of c?
4
Suppose 14328 = -22*k + 34*k. What is the units digit of k?
4
Suppose -6*j + 116 = -2*j. Suppose 2*p - j = -m, 2*p = -5*m - 0*m + 41. What is the tens digit of p?
1
Let z(c) = c**2 + 9*c + 2. Let l = -3 + 5. Let a be (-133)/14 + l/4. What is the units digit of z(a)?
2
Suppose -2*m = 7 - 285. Suppose 0*u - 5*u + s = -m, 4*u + 3*s - 115 = 0. Suppose 0 = -5*i + u + 62. What is the tens digit of i?
1
Let f = -20 + 14. Let l(t) = t. Let m be l(f). What is the units digit of 10/(-3)*m/4?
5
Let w(g) = g + 26. Let j = -24 + 12. Let k be w(j). What is the tens digit of (1 + 4)/(2/k)?
3
Let p(x) = x**2 - 3*x - 5. Let f(z) = 6*z - 21 + 2*z**2 - 2*z**2 + 11 - z**2. Let k be f(5). What is the tens digit of p(k)?
3
Let c be 9/2 - 17/34. Suppose 4*d = z + 4*z - 361, c*z + d = 272. What is the tens digit of z?
6
Suppose -3*j - 9 = -3*q, 0*q + 3*q + 4*j = 16. Let p be ((-1)/(-2))/((-2)/(-4)). What is the tens digit of (q + -27)*p*-1?
2
Let r = 1290 + -702. What is the units digit of r?
8
Suppose -4*h + 1948 = -3*v + 7*v, 0 = -4*v - 3*h + 1952. Suppose 0 = -3*c - v + 1373. What is the tens digit of 1/4 - c/(-8)?
3
Let x = -10 + 14. Suppose b + h = 1, -3*h - x = -2*b + 8. What is the units digit of b?
3
Let p be ((-324)/16)/((6/32)/(-1)). Suppose 11*v - 266 - p = 0. What is the units digit of v?
4
Let a(h) = h**3 + 3*h**2 + h. Let g be a(-2). Let y be 1*g + 507/3. Suppose 26 = -5*c + y. What is the tens digit of c?
2
Suppose 5086 = 2*j - 2*g, -4*j + 10*g = 12*g - 10196. What is the tens digit of j?
4
Let y = -242 - -535. What is the tens digit of y?
9
Suppose 2321*h - 2329*h = -15744. What is the tens digit of h?
6
What is the tens digit of ((-31)/124)/(2/(-13864))?
3
What is the hundreds digit of (128/5)/(6/120)?
5
Suppose -5*b = -11*b - 666. What is the units digit of 3/(-36)*b*4?
7
Let y = -65 - -41. Let d = y + 55. What is the units digit of d?
1
Let q(u) = u + 2*u + 0*u + 3 - 3*u**2 - 4*u - u**3. Let i be q(-3). Suppose 3*y - i*y = -57. What is the tens digit of y?
1
Let s(g) = 4*g**3 - 7*g**2 - g + 4. Let r(i) = 5*i**3 - 7*i**2 + 5. Let n(d) = 5*r(d) - 6*s(d). Let y be n(-4). Suppose k - y = 4. What is the tens digit of k?
2
Suppose -24 = 2*n - 30. Suppose -3 - n = x. Let o = 41 + x. What is the tens digit of o?
3
Let k be (-2 - (1 + -96))*7. Let q = -454 + k. What is the hundreds digit of q?
1
Suppose 1076 = -0*v + 4*v - 3*d, 2*v = 3*d + 532. What is the tens digit of v?
7
Let u be 12/54 + 0 + (-156)/(-27). Let w(j) = -3*j + 2*j + 11*j - 6 - j**2. What is the units digit of w(u)?
8
Let t(l) = -36*l + 22. Let n be t(7). Let x = n + 392. What is the hundreds digit of x?
1
Suppose -q - 17 = -3*q - 3*x, -15 = -5*x. Suppose q*o - 26 = 4*a + a, 0 = o + 1. What is the units digit of 0/2 + (2 - a)?
8
Let x be (3 + -13)*3/(-6). Suppose -g - g - x*b - 93 = 0, -3*b = -g - 63. What is the units digit of ((-2)/(-6))/((-3)/g)?
6
Suppose 4*x = -8, 0 = -4*z + 5*x - 0 - 62. Let n(a) = -a**3 - 18*a**2 - 7*a - 7. What is the units digit of n(z)?
9
Let l = 2525 + -1501. What is the tens digit of l?
2
Let s be 24/10*(-10)/(-2). Suppose -2*i + 4*b = -i - 139, 4*b = -s. What is the tens digit of i?
2
What is the hundreds digit of 2465/58*(-44)/(-5)?
3
Let w(g) = g + 246. What is the tens digit of w(-10)?
3
Suppose -4*a - u - 13 = 0, -a - 2*u - 22 = 2*u. Let s be (5/2 + a)*20. Let h(y) = y**3 - 9*y**2 - 11*y + 11. What is the units digit of h(s)?
1
Let y be (-1)/((-2)/6) + 1. Let u be (2/(-2))/(1/(-23)). Let z = u + y. What is the tens digit of z?
2
What is the units digit of ((-657)/(-12))/(15/260)?
9
Suppose 6 = -2*n, -68*n = -4*t - 63*n + 5343. What is the thousands digit of t?
1
Let q = -12 + 21. What is the tens digit of 49 - -2 - (7 - q)?
5
Let w(o) = -5*o + 8. Let n be 153/(-36) + (-1)/(-4). Let t be w(n). Let r = 69 - t. What is the tens digit of r?
4
Let i = 404 + -246. Suppose 2*s = o - 88, 0*o - 2*o - 2*s + i = 0. What is the tens digit of o?
8
Let p(g) = g - 15. Let d be p(-9). What is the tens digit of (-2 + (-7)/(-2))*(-800)/d?
5
Let d = -47 + 32. Let w = d + 19. Suppose -w*h + 2 = t - 119, 4*t = 20. What is the units digit of h?
9
Let u = 15 - 16. What is the hundreds digit of u*(1274/(-6) + 12/(-18))?
2
Let q(u) = -2*u - 13. Let i be q(-4). Let y(v) = v**3 + 7*v**2 + 10*v + 5. What is the units digit of y(i)?
5
Let w(g) = -g**2 + 12*g - 7. Let r(m) = m. Let b(s) = -3*s - 4. Let k(n) = -b(n) - 5*r(n). Let d be k(-3). What is the tens digit of w(d)?
1
Let z = 27 - 24. Suppose -5*q = -d - 480, z*d = d + 10. What is the tens digit of q?
9
Let h(w) = -63*w + 148. What is the units digit of h(-28)?
2
Suppose -2036 = -3*g - 4*o, 3395 = 12*g - 7*g + 5*o. What is the hundreds digit of g?
6
Suppose z - 1262 = -5*i, i + 561 + 725 = z. What is the hundreds digit of z?
2
Suppose -3*j = -0*j - 9. Suppose -2*c = -j*o + 153, -2*c = 2*c. Suppose -2*y - 5*q + 45 = 0, y = 4*y + 2*q - o. What is the tens digit of y?
1
Let h = -82 + 86. What is the tens digit of 532/7 + -6 + h?
7
Let v = -31 - -31. Let g(x) = 1 - 4*x + 8*x + x**2 + v*x + 3*x. What is the tens digit of g(-12)?
6
Let b = 919 + -814. What is the units digit of b?
5
Let m be (((-3)/(-4))/(-3))/((-3)/24). Suppose -q = 5*w - 162, -q + 207 = -m*w + 52. What is the tens digit of q?
5
Let f(r) = 1102*r**2 - 18*r + 12. What is the hundreds digit of f(2)?
3
Let t(c) = -19*c**3 - 5*c**2 - 2*c + 5. What is the units digit of t(-2)?
1
Let m = 23 + -11. Let b = -3 + 52. Suppose b = f + m. What is the units digit of f?
7
Let w(f) = 229*f + 11. What is the units digit of w(1)?
0
Let s(l) = 3*l - 7. Let t be s(4). Suppose 0*x + t*x - 430 = 0. What is the units digit of x?
6
Let d(p) = p**3 - 14*p**2 + 17*p + 8. Let k be d(13). Suppose -4*i + i = k. Let m = 22 + i. What is the units digit of m?
2
Let h(w) = 19*w**2 + 19*w - 30. What is the hundreds digit of h(7)?
0
Let h be (-25)/(-10)*3792/15. Let q = h - 396. What is the hundreds digit of q?
2
Let c = 3244 - 1908. What is the tens digit of c?
3
Let x(z) be the first derivative of -1/2*z**2 + 0*z - 6. What is the units digit of x(-9)?
9
Let k(i) = -4*i**2 - 1. Let m be k(-1). Let x(z) = -8*z + 1. What is the tens digit of x(m)?
4
Let w be (-1)/(3/9) - -7. Suppose -2*z + w*h - 4 = 0, z = -3*z - 3*h + 14. Suppose 3*f = -0*v + z*v + 17, f - 4 = -v. What is the units digit of f?
5
Suppose f + 2*r + 3 - 10 = 0, -3*f - 4*r = -13. Let x(k) = -3*k**2 - 38*k**3 + 2*k**2 - k - k**2. What is the tens digit of x(f)?
3
Let g = -2 + 147. Let i = -78 + g. What is the units digit of i?
7
Suppose -2*j - 1248 = -3*n + 4150, -3*j - 3592 = -2*n. What is the tens digit of n?
0
Let j(w) = -w**2 + 47*w + 1. What is the hundreds digit of j(7)?
2
Suppose 3*j = -l + 19, 0 = l + 2*j - 8 - 6. Suppose l + 6 = 5*z. Suppose z*u - 22 = 10. What is the units digit of u?
6
What is the tens digit of 511/3 - 20/15?
6
Let x be -10*(6/(-2))/6. Suppose -5*l + x*y - 2*y = -76, -3*y = 6. Suppose 0 = u + 2, 137 = 3*z - 2*u - l. What is the tens digit of z?
4
Let b be ((-2)/(-4))/(-1*(-1)/4). What is the units digit of (-2540)/(-25) + 0 + b/5?
2
Let t = 58 - 53. Suppose t + 227 = b. What is the hundreds digit of b?
2
Suppose 112*u + 2470 = 114*u. What is the hundreds digit of u?
2
Let l be 8/1*7/14. What is the tens digit of (l - 